{"id":24606,"date":"2018-03-01T11:45:19","date_gmt":"2018-03-01T11:45:19","guid":{"rendered":"http:\/\/ventaniella.com\/?page_id=24606"},"modified":"2021-01-16T16:13:14","modified_gmt":"2021-01-16T16:13:14","slug":"estaciones","status":"publish","type":"page","link":"https:\/\/ventaniella.com\/index.php\/estaciones\/","title":{"rendered":"Estaciones"},"content":{"rendered":"<p>[et_pb_section fb_built=\u00bb1&#8243; fullwidth=\u00bbon\u00bb _builder_version=\u00bb3.22&#8243;][et_pb_fullwidth_header title=\u00bbLa rueda del a\u00f1o en Ventaniella\u00bb subhead=\u00bbEstaciones\u00bb header_image_url=\u00bbhttps:\/\/ventaniella.com\/wp-content\/uploads\/2018\/01\/Ventaniella-dibujo-small-27.jpg\u00bb _builder_version=\u00bb3.29.3&#8243; title_text_color=\u00bb#ffffff\u00bb content_text_color=\u00bb#ffffff\u00bb background_color=\u00bb#013220&#8243; button_one_text_size__hover_enabled=\u00bboff\u00bb button_two_text_size__hover_enabled=\u00bboff\u00bb button_one_text_color__hover_enabled=\u00bboff\u00bb button_two_text_color__hover_enabled=\u00bboff\u00bb button_one_border_width__hover_enabled=\u00bboff\u00bb button_two_border_width__hover_enabled=\u00bboff\u00bb button_one_border_color__hover_enabled=\u00bboff\u00bb button_two_border_color__hover_enabled=\u00bboff\u00bb button_one_border_radius__hover_enabled=\u00bboff\u00bb button_two_border_radius__hover_enabled=\u00bboff\u00bb button_one_letter_spacing__hover_enabled=\u00bboff\u00bb button_two_letter_spacing__hover_enabled=\u00bboff\u00bb button_one_bg_color__hover_enabled=\u00bboff\u00bb button_two_bg_color__hover_enabled=\u00bboff\u00bb][\/et_pb_fullwidth_header][\/et_pb_section][et_pb_section fb_built=\u00bb1&#8243; _builder_version=\u00bb3.22&#8243;][et_pb_row column_structure=\u00bb1_2,1_2&#8243; _builder_version=\u00bb3.25&#8243; background_size=\u00bbinitial\u00bb background_position=\u00bbtop_left\u00bb background_repeat=\u00bbrepeat\u00bb][et_pb_column type=\u00bb1_2&#8243; _builder_version=\u00bb3.25&#8243; custom_padding=\u00bb|||\u00bb custom_padding__hover=\u00bb|||\u00bb][et_pb_blurb title=\u00bbPrimavera\u00bb _builder_version=\u00bb3.0.95&#8243;][\/et_pb_blurb][et_pb_gallery gallery_ids=\u00bb24604&#8243; fullwidth=\u00bbon\u00bb _builder_version=\u00bb3.0.95&#8243; pagination_font_size_tablet=\u00bb51&#8243; pagination_line_height_tablet=\u00bb2&#8243;][\/et_pb_gallery][\/et_pb_column][et_pb_column type=\u00bb1_2&#8243; _builder_version=\u00bb3.25&#8243; custom_padding=\u00bb|||\u00bb custom_padding__hover=\u00bb|||\u00bb][et_pb_blurb title=\u00bbVerano\u00bb _builder_version=\u00bb3.0.95&#8243;][\/et_pb_blurb][et_pb_gallery gallery_ids=\u00bb24598&#8243; fullwidth=\u00bbon\u00bb _builder_version=\u00bb3.0.95&#8243; pagination_font_size_tablet=\u00bb51&#8243; pagination_line_height_tablet=\u00bb2&#8243;][\/et_pb_gallery][\/et_pb_column][\/et_pb_row][et_pb_row column_structure=\u00bb1_2,1_2&#8243; _builder_version=\u00bb3.25&#8243; background_size=\u00bbinitial\u00bb background_position=\u00bbtop_left\u00bb background_repeat=\u00bbrepeat\u00bb][et_pb_column type=\u00bb1_2&#8243; _builder_version=\u00bb3.25&#8243; custom_padding=\u00bb|||\u00bb custom_padding__hover=\u00bb|||\u00bb][et_pb_blurb title=\u00bbOto\u00f1o\u00bb _builder_version=\u00bb3.0.95&#8243;][\/et_pb_blurb][et_pb_gallery gallery_ids=\u00bb50&#8243; fullwidth=\u00bbon\u00bb _builder_version=\u00bb3.0.95&#8243; pagination_font_size_tablet=\u00bb51&#8243; pagination_line_height_tablet=\u00bb2&#8243;][\/et_pb_gallery][\/et_pb_column][et_pb_column type=\u00bb1_2&#8243; _builder_version=\u00bb3.25&#8243; custom_padding=\u00bb|||\u00bb custom_padding__hover=\u00bb|||\u00bb][et_pb_blurb title=\u00bbInvierno\u00bb _builder_version=\u00bb3.0.95&#8243;][\/et_pb_blurb][et_pb_gallery gallery_ids=\u00bb24608&#8243; fullwidth=\u00bbon\u00bb _builder_version=\u00bb3.0.95&#8243; pagination_font_size_tablet=\u00bb51&#8243; pagination_line_height_tablet=\u00bb2&#8243;][\/et_pb_gallery][\/et_pb_column][\/et_pb_row][\/et_pb_section][et_pb_section fb_built=\u00bb1&#8243; _builder_version=\u00bb3.22&#8243; background_color=\u00bb#ededed\u00bb][et_pb_row _builder_version=\u00bb3.25&#8243; background_size=\u00bbinitial\u00bb background_position=\u00bbtop_left\u00bb background_repeat=\u00bbrepeat\u00bb][et_pb_column type=\u00bb4_4&#8243; _builder_version=\u00bb3.25&#8243; custom_padding=\u00bb|||\u00bb custom_padding__hover=\u00bb|||\u00bb][et_pb_text _builder_version=\u00bb3.27.4&#8243;]<\/p>\n<h1>ESTADO DE LA CASER\u00cdA EN INVIERNO<\/h1>\n<p>[\/et_pb_text][\/et_pb_column][\/et_pb_row][et_pb_row column_structure=\u00bb1_2,1_2&#8243; _builder_version=\u00bb3.25&#8243; background_size=\u00bbinitial\u00bb background_position=\u00bbtop_left\u00bb background_repeat=\u00bbrepeat\u00bb][et_pb_column type=\u00bb1_2&#8243; _builder_version=\u00bb3.25&#8243; custom_padding=\u00bb|||\u00bb custom_padding__hover=\u00bb|||\u00bb][et_pb_image src=\u00bbhttps:\/\/ventaniella.com\/wp-content\/uploads\/2021\/01\/Corte-casa-y-oratorio-Ventaniella-16012020-Javier-Alcantara.jpeg\u00bb show_in_lightbox=\u00bbon\u00bb force_fullwidth=\u00bbon\u00bb align_tablet=\u00bbcenter\u00bb align_phone=\u00bb\u00bb align_last_edited=\u00bbon|desktop\u00bb _builder_version=\u00bb4.8.1&#8243; hover_enabled=\u00bb0&#8243; always_center_on_mobile=\u00bbon\u00bb title_text=\u00bbCorte, casa y oratorio, Ventaniella, 16:01:2020 Javier Alc\u00e1ntara\u00bb sticky_enabled=\u00bb0&#8243; alt=\u00bbVentaniella, 16 de enero de 2021. Corte, casa y oratorio.\u00bb][\/et_pb_image][et_pb_image src=\u00bbhttp:\/\/ventaniella.com\/wp-content\/uploads\/2018\/03\/Ventaniella-invierno-2018-banner.jpg\u00bb show_in_lightbox=\u00bbon\u00bb force_fullwidth=\u00bbon\u00bb align_tablet=\u00bbcenter\u00bb align_phone=\u00bb\u00bb align_last_edited=\u00bbon|desktop\u00bb _builder_version=\u00bb3.23&#8243; always_center_on_mobile=\u00bbon\u00bb][\/et_pb_image][\/et_pb_column][et_pb_column type=\u00bb1_2&#8243; _builder_version=\u00bb3.25&#8243; custom_padding=\u00bb|||\u00bb custom_padding__hover=\u00bb|||\u00bb][et_pb_video src=\u00bbhttps:\/\/ventaniella.com\/wp-content\/uploads\/2018\/02\/Ventaniella-caseri\u0301a-17.02.2018-J.-Alca\u0301ntara.mp4&#8243; _builder_version=\u00bb3.29.3&#8243;][\/et_pb_video][et_pb_text _builder_version=\u00bb3.27.4&#8243;]<\/p>\n<h5>El 17 de febrero de 2018, nevaba intensamente en la vega.<\/h5>\n<p>[\/et_pb_text][et_pb_text _builder_version=\u00bb4.8.1&#8243; hover_enabled=\u00bb0&#8243; sticky_enabled=\u00bb0&#8243;]<\/p>\n<h3>Invierno en Ventaniella<\/h3>\n<p>Im\u00e1genes y video de Javier Alc\u00e1ntara, <a href=\"http:\/\/www.lacasonadecon.com\" target=\"_blank\" rel=\"noopener noreferrer\">La Casona de Con<\/a> (alojamiento rural)<\/p>\n<p>[\/et_pb_text][\/et_pb_column][\/et_pb_row][\/et_pb_section]<\/p>\n","protected":false},"excerpt":{"rendered":"<p>ESTADO DE LA CASER\u00cdA EN INVIERNO El 17 de febrero de 2018, nevaba intensamente en la vega. Invierno en Ventaniella Im\u00e1genes y video de Javier Alc\u00e1ntara, La Casona de Con (alojamiento rural)<\/p>\n","protected":false},"author":1,"featured_media":0,"parent":0,"menu_order":0,"comment_status":"closed","ping_status":"closed","template":"","meta":{"_et_pb_use_builder":"on","_et_pb_old_content":"","_et_gb_content_width":"","footnotes":""},"class_list":["post-24606","page","type-page","status-publish","hentry"],"_links":{"self":[{"href":"https:\/\/ventaniella.com\/index.php\/wp-json\/wp\/v2\/pages\/24606","targetHints":{"allow":["GET"]}}],"collection":[{"href":"https:\/\/ventaniella.com\/index.php\/wp-json\/wp\/v2\/pages"}],"about":[{"href":"https:\/\/ventaniella.com\/index.php\/wp-json\/wp\/v2\/types\/page"}],"author":[{"embeddable":true,"href":"https:\/\/ventaniella.com\/index.php\/wp-json\/wp\/v2\/users\/1"}],"replies":[{"embeddable":true,"href":"https:\/\/ventaniella.com\/index.php\/wp-json\/wp\/v2\/comments?post=24606"}],"version-history":[{"count":9,"href":"https:\/\/ventaniella.com\/index.php\/wp-json\/wp\/v2\/pages\/24606\/revisions"}],"predecessor-version":[{"id":24704,"href":"https:\/\/ventaniella.com\/index.php\/wp-json\/wp\/v2\/pages\/24606\/revisions\/24704"}],"wp:attachment":[{"href":"https:\/\/ventaniella.com\/index.php\/wp-json\/wp\/v2\/media?parent=24606"}],"curies":[{"name":"wp","href":"https:\/\/api.w.org\/{rel}","templated":true}]}}

<p>[et_pb_section fb_built=»1&#8243; fullwidth=»on» _builder_version=»3.22&#8243;][et_pb_fullwidth_header title=»La rueda del año en Ventaniella» subhead=»Estaciones» header_image_url=»https://ventaniella.com/wp-content/uploads/2018/01/Ventaniella-dibujo-small-27.jpg» _builder_version=»3.29.3&#8243; title_text_color=»#ffffff» content_text_color=»#ffffff» background_color=»#013220&#8243; button_one_text_size__hover_enabled=»off» button_two_text_size__hover_enabled=»off» button_one_text_color__hover_enabled=»off» button_two_text_color__hover_enabled=»off» button_one_border_width__hover_enabled=»off» button_two_border_width__hover_enabled=»off» button_one_border_color__hover_enabled=»off» button_two_border_color__hover_enabled=»off» button_one_border_radius__hover_enabled=»off» button_two_border_radius__hover_enabled=»off» button_one_letter_spacing__hover_enabled=»off» button_two_letter_spacing__hover_enabled=»off» button_one_bg_color__hover_enabled=»off» button_two_bg_color__hover_enabled=»off»][/et_pb_fullwidth_header][/et_pb_section][et_pb_section fb_built=»1&#8243; _builder_version=»3.22&#8243;][et_pb_row column_structure=»1_2,1_2&#8243; _builder_version=»3.25&#8243; background_size=»initial» background_position=»top_left» background_repeat=»repeat»][et_pb_column type=»1_2&#8243; _builder_version=»3.25&#8243; custom_padding=»|||» custom_padding__hover=»|||»][et_pb_blurb title=»Primavera» _builder_version=»3.0.95&#8243;][/et_pb_blurb][et_pb_gallery gallery_ids=»24604&#8243; fullwidth=»on» _builder_version=»3.0.95&#8243; pagination_font_size_tablet=»51&#8243; pagination_line_height_tablet=»2&#8243;][/et_pb_gallery][/et_pb_column][et_pb_column type=»1_2&#8243; _builder_version=»3.25&#8243; custom_padding=»|||» custom_padding__hover=»|||»][et_pb_blurb title=»Verano» _builder_version=»3.0.95&#8243;][/et_pb_blurb][et_pb_gallery gallery_ids=»24598&#8243; fullwidth=»on» _builder_version=»3.0.95&#8243; pagination_font_size_tablet=»51&#8243; pagination_line_height_tablet=»2&#8243;][/et_pb_gallery][/et_pb_column][/et_pb_row][et_pb_row column_structure=»1_2,1_2&#8243; _builder_version=»3.25&#8243; background_size=»initial» background_position=»top_left» background_repeat=»repeat»][et_pb_column type=»1_2&#8243; _builder_version=»3.25&#8243; custom_padding=»|||» custom_padding__hover=»|||»][et_pb_blurb title=»Otoño» _builder_version=»3.0.95&#8243;][/et_pb_blurb][et_pb_gallery gallery_ids=»50&#8243; fullwidth=»on» _builder_version=»3.0.95&#8243; pagination_font_size_tablet=»51&#8243; pagination_line_height_tablet=»2&#8243;][/et_pb_gallery][/et_pb_column][et_pb_column type=»1_2&#8243; _builder_version=»3.25&#8243; custom_padding=»|||» custom_padding__hover=»|||»][et_pb_blurb title=»Invierno» _builder_version=»3.0.95&#8243;][/et_pb_blurb][et_pb_gallery gallery_ids=»24608&#8243; fullwidth=»on» _builder_version=»3.0.95&#8243; pagination_font_size_tablet=»51&#8243; pagination_line_height_tablet=»2&#8243;][/et_pb_gallery][/et_pb_column][/et_pb_row][/et_pb_section][et_pb_section fb_built=»1&#8243; _builder_version=»3.22&#8243; background_color=»#ededed»][et_pb_row _builder_version=»3.25&#8243; background_size=»initial» background_position=»top_left» background_repeat=»repeat»][et_pb_column type=»4_4&#8243; _builder_version=»3.25&#8243; custom_padding=»|||» custom_padding__hover=»|||»][et_pb_text _builder_version=»3.27.4&#8243;]</p>
<h1>ESTADO DE LA CASERÍA EN INVIERNO</h1>
<p>[/et_pb_text][/et_pb_column][/et_pb_row][et_pb_row column_structure=»1_2,1_2&#8243; _builder_version=»3.25&#8243; background_size=»initial» background_position=»top_left» background_repeat=»repeat»][et_pb_column type=»1_2&#8243; _builder_version=»3.25&#8243; custom_padding=»|||» custom_padding__hover=»|||»][et_pb_image src=»https://ventaniella.com/wp-content/uploads/2021/01/Corte-casa-y-oratorio-Ventaniella-16012020-Javier-Alcantara.jpeg» show_in_lightbox=»on» force_fullwidth=»on» align_tablet=»center» align_phone=»» align_last_edited=»on|desktop» _builder_version=»4.8.1&#8243; hover_enabled=»0&#8243; always_center_on_mobile=»on» title_text=»Corte, casa y oratorio, Ventaniella, 16:01:2020 Javier Alcántara» sticky_enabled=»0&#8243; alt=»Ventaniella, 16 de enero de 2021. Corte, casa y oratorio.»][/et_pb_image][et_pb_image src=»http://ventaniella.com/wp-content/uploads/2018/03/Ventaniella-invierno-2018-banner.jpg» show_in_lightbox=»on» force_fullwidth=»on» align_tablet=»center» align_phone=»» align_last_edited=»on|desktop» _builder_version=»3.23&#8243; always_center_on_mobile=»on»][/et_pb_image][/et_pb_column][et_pb_column type=»1_2&#8243; _builder_version=»3.25&#8243; custom_padding=»|||» custom_padding__hover=»|||»][et_pb_video src=»https://ventaniella.com/wp-content/uploads/2018/02/Ventaniella-casería-17.02.2018-J.-Alcántara.mp4&#8243; _builder_version=»3.29.3&#8243;][/et_pb_video][et_pb_text _builder_version=»3.27.4&#8243;]</p>
<h5>El 17 de febrero de 2018, nevaba intensamente en la vega.</h5>
<p>[/et_pb_text][et_pb_text _builder_version=»4.8.1&#8243; hover_enabled=»0&#8243; sticky_enabled=»0&#8243;]</p>
<h3>Invierno en Ventaniella</h3>
<p>Imágenes y video de Javier Alcántara, <a href="http://www.lacasonadecon.com" target="_blank" rel="noopener noreferrer">La Casona de Con</a> (alojamiento rural)</p>
<p>[/et_pb_text][/et_pb_column][/et_pb_row][/et_pb_section]</p>

<p>ESTADO DE LA CASERÍA EN INVIERNO El 17 de febrero de 2018, nevaba intensamente en la vega. Invierno en Ventaniella Imágenes y video de Javier Alcántara, La Casona de Con (alojamiento rural)</p>
